rs of 178370?
2, 5, 17837
List the prime factors of 109420.
2, 5, 5471
What are the prime factors of 10922885?
5, 797, 2741
What are the prime factors of 5517926?
2, 2758963
List the prime factors of 2201119.
2201119
List the prime factors of 735226.
2, 367613
List the prime factors of 643264.
2, 19, 23
List the prime factors of 2517304.
2, 23, 13681
List the prime factors of 3116268.
2, 3, 107, 809
What are the prime factors of 1494998?
2, 747499
List the prime factors of 758129.
431, 1759
List the prime factors of 859813.
101, 8513
List the prime factors of 150561.
3, 16729
What are the prime factors of 1602580?
2, 5, 7, 11447
What are the prime factors of 435871?
41, 10631
List the prime factors of 7213.
7213
List the prime factors of 12739431.
3, 1303, 3259
What are the prime factors of 640728?
2, 3, 11, 809
List the prime factors of 25118304.
2, 3, 19, 47, 293
What are the prime factors of 22800922?
2, 43, 47, 5641
What are the prime factors of 576866?
2, 288433
List the prime factors of 268574.
2, 134287
What are the prime factors of 401776?
2, 25111
List the prime factors of 379456.
2, 7, 11
What are the prime factors of 1121112?
2, 3, 23, 677
What are the prime factors of 4971916?
2, 1242979
What are the prime factors of 1523254?
2, 29, 26263
List the prime factors of 33242947.
347, 95801
What are the prime factors of 1653081?
3, 551027
What are the prime factors of 13119007?
11, 103, 11579
What are the prime factors of 11618806?
2, 5809403
List the prime factors of 1126114.
2, 11, 17, 3011
List the prime factors of 1159993.
1159993
What are the prime factors of 1576419?
3, 13, 83, 487
What are the prime factors of 26908?
2, 7, 31
List the prime factors of 353225.
5, 71, 199
What are the prime factors of 966385?
5, 7, 27611
What are the prime factors of 2785511?
2785511
What are the prime factors of 20672907?
3, 6890969
What are the prime factors of 1434435?
3, 5, 95629
What are the prime factors of 464615?
5, 43, 2161
List the prime factors of 6823797.
3, 2274599
What are the prime factors of 251516?
2, 227, 277
List the prime factors of 961717.
673, 1429
List the prime factors of 4301212.
2, 1075303
What are the prime factors of 3723685?
5, 7, 106391
List the prime factors of 9525687.
3, 37, 85817
What are the prime factors of 524015?
5, 104803
List the prime factors of 999021.
3, 29, 11483
List the prime factors of 682602.
2, 3, 29, 3923
What are the prime factors of 199974?
2, 3, 33329
What are the prime factors of 278528?
2, 17
List the prime factors of 2233401.
3, 547, 1361
List the prime factors of 295120.
2, 5, 7, 17, 31
What are the prime factors of 8916195?
3, 5, 29, 103, 199
What are the prime factors of 1084402?
2, 11, 4481
List the prime factors of 622196.
2, 23, 6763
List the prime factors of 2351222.
2, 47, 25013
List the prime factors of 1385565.
3, 5, 71, 1301
What are the prime factors of 122628?
2, 3, 11, 929
What are the prime factors of 3636988?
2, 909247
List the prime factors of 3825490.
2, 5, 382549
List the prime factors of 219512.
2, 23, 1193
What are the prime factors of 332071?
139, 2389
List the prime factors of 387762.
2, 3, 64627
List the prime factors of 862523.
23, 37501
List the prime factors of 3790892.
2, 7, 135389
List the prime factors of 4181283.
3, 464587
What are the prime factors of 186478?
2, 93239
What are the prime factors of 13035052?
2, 3258763
What are the prime factors of 12231687?
3, 13, 17, 19, 971
List the prime factors of 268665.
3, 5, 17911
List the prime factors of 10845454.
2, 809, 6703
List the prime factors of 11891938.
2, 317, 18757
What are the prime factors of 3017841?
3, 367, 2741
List the prime factors of 8328459.
3, 563, 4931
List the prime factors of 693133.
7, 83, 1193
List the prime factors of 432501.
3, 144167
What are the prime factors of 244572?
2, 3, 89, 229
List the prime factors of 4986963.
3, 227, 2441
List the prime factors of 2889946.
2, 1444973
What are the prime factors of 77326?
2, 23, 41
List the prime factors of 3335274.
2, 3, 127, 1459
What are the prime factors of 9088978?
2, 4544489
What are the prime factors of 1779485?
5, 479, 743
List the prime factors of 7244.
2, 1811
What are the prime factors of 221489?
221489
List the prime factors of 968890.
2, 5, 13, 29, 257
List the prime factors of 2044872.
2, 3, 9467
What are the prime factors of 7917077?
7, 161573
What are the prime factors of 2162471?
151, 14321
List the prime factors of 6894700.
2, 5, 68947
What are the prime factors of 947?
947
What are the prime factors of 796054?
2, 7, 8123
List the prime factors of 533366.
2, 266683
List the prime factors of 683060.
2, 5, 7, 17, 41
List the prime factors of 438619.
31, 14149
List the prime factors of 275912.
2, 7, 13, 379
What are the prime factors of 135873?
3, 31, 487
What are the prime factors of 2174022?
2, 3, 120779
What are the prime factors of 11555738?
2, 5777869
What are the prime factors of 1556388?
2, 3, 14411
What are the prime factors of 271336?
2, 13, 2609
List the prime factors of 2101624.
2, 7, 37529
List the prime factors of 33027811.
89, 371099
List the prime factors of 1369360.
2, 5, 17117
List the prime factors of 1152902.
2, 257, 2243
What are the prime factors of 1491877?
37, 61, 661
What are the prime factors of 278236?
2, 7, 19, 523
What are the prime factors of 12709693?
17, 47, 15907
What are the prime factors of 148688?
2, 9293
What are the prime factors of 619286?
2, 19, 43, 379
List the prime factors of 810600.
2, 3, 5, 7, 193
List the prime factors of 1752515.
5, 350503
What are the prime factors of 95479?
95479
List the prime factors of 22471694.
2, 7, 29, 7907
What are the prime factors of 9661771?
7, 23, 8573
What are the prime factors of 1124738?
2, 331, 1699
List the prime factors of 2049184.
2, 64037
What are the prime factors of 1322234?
2, 661117
List the prime factors of 9448282.
2, 19, 248639
List the prime factors of 937070.
2, 5, 83, 1129
List the prime factors of 1492771.
7, 213253
What are the prime factors of 1992173?
157, 12689
What are the prime factors of 322592?
2, 17, 593
List the prime factors of 434422.
2, 83, 2617
What are the prime factors of 173032?
2, 43, 503
What are the prime factors of 67346?
2, 151, 223
What are the prime factors of 14940166?
2, 83, 90001
What are the prime factors of 26068320?
2, 3, 5, 43, 421
List the prime factors of 265206.
2, 3, 44201
What are the prime factors of 4537170?
2, 3, 5, 11, 4583
List the prime factors of 3127874.
2, 1563937
What are the prime factors of 54272?
2, 53
What are the prime factors of 3189779?
3189779
What are the prime factors of 10591?
7, 17, 89
What are the prime factors of 14485228?
2, 109, 33223
What are the prime factors of 80094?
2, 3, 7, 1907
List the prime factors of 19160662.
2, 9580331
List the prime factors of 529090.
2, 5, 157, 337
What are the prime factors of 3157224?
2, 3, 7, 18793
List the prime factors of 96786.
2, 3, 19, 283
List the prime factors of 6685407.
3, 127, 5849
List the prime factors of 450871.
47, 53, 181
List the prime factors of 10270913.
10270913
What are the prime factors of 191793?
3, 7, 9133
What are the prime factors of 16128918?
2, 3, 13, 68927
List the prime factors of 110663.
7, 15809
List the prime factors of 16936916.
2, 4234229
List the prime factors of 563298.
2, 3, 223, 421
List the prime factors of 173066.
2, 86533
List the prime factors of 6885448.
2, 19, 97, 467
What are the prime factors of 473643?
3, 52627
What are the prime factors of 103811?
103811
List the prime factors of 1598072.
2, 7, 28537
What are the prime factors of 4665074?
2, 2332537
List the prime factors of 2752430.
2, 5, 37, 43, 173
What are the prime factors of 1925512?
2, 233, 1033
List the prime factors of 741976.
2, 163, 569
What are the prime factors of 257167?
229, 1123
What are the prime factors of 94479?
3, 7, 11, 409
List the prime factors of 85906.
2, 42953
List the prime factors of 4292963.
4292963
What are the prime factors of 6338212?
2, 17, 83, 1123
What are the prime factors of 998204?
2, 61, 4091
List the prime factors of 11181224.
2, 317, 4409
List the prime factors of 339594.
2, 3, 56599
What are the prime factors of 341514?
2, 3, 18973
What are the prime factors of 1215844?
2, 7, 173, 251
List the prime factor